
False
Suppose 10 = -5*p + 4*z + z, p + 27 = -4*z. Is (-5 - 44361)/p - 5 a composite number?
True
Let i(u) = -15 + 76 + u - 28 - 18. Let p be i(-11). Is (((-3041)/p)/1)/((-36)/144) a prime number?
True
Suppose 0*p - 3*p - 3270 = -j, 2*j - 5*p - 6541 = 0. Suppose -1979 = 3*q - 7193. Let d = j - q. Is d a prime number?
False
Let m(q) be the second derivative of 17*q**6/120 - 7*q**5/60 + 7*q**4/24 + 5*q**3 - 3*q. Let v(b) be the second derivative of m(b). Is v(4) prime?
False
Let t = 1269828 - 827257. Is t prime?
True
Let p be -17 - 4 - (2 - (-4 + 2)). Let l(o) = 125*o - 31. Let t be l(p). Is (6/(-18))/((-2 - -4)/t) composite?
True
Let b be 5/((-70)/(-56))*(4 - -1). Is (-1847)/(-23 + b - -2*1) prime?
True
Let o(p) = 3449*p - 128. Let g be o(8). Suppose -6832 = 4*y - g. Is y prime?
False
Let u = -286 - -352. Let y = 1591 + u. Is y composite?
False
Suppose -82*u = -77*u. Suppose -3*w + 1563 - 216 = u. Is w prime?
True
Suppose -4*n + 6*c = 3*c - 62231, -4*c = 2*n - 31110. Is n composite?
True
Let y be (2896/(-6))/(9/(-27)). Let q(h) = -3*h**3 - h - y*h**2 + 1449*h**2 + 0*h + 25*h**3. Is q(1) a prime number?
False
Let l be -2*2/(12/(-63)). Let z be (3 - 1) + (25 - l). Suppose v = z*v - 6315. Is v composite?
True
Suppose 2770209 = -294*u + 303*u. Is u a prime number?
False
Let k(h) be the second derivative of 81*h**5/5 - h**4/6 + h**3/6 + 6*h. Suppose 0 = 3*n + 4 - 7. Is k(n) prime?
False
Let w(y) be the first derivative of 7*y**3/3 - 4*y**2 - 43*y + 111. Is w(-26) composite?
True
Suppose 2*o - y = 70085 + 2210, 0 = -3*o + 6*y + 108465. Is o a composite number?
True
Suppose 0 = 4*x - 2*d + d - 64644, 0 = 5*x + 3*d - 80805. Suppose -x = -8*f + 29687. Is f a composite number?
True
Let s = 54 + -37. Is 1186/34 + 2/s prime?
False
Suppose z - 23 = 5*o - 2, z = -o + 15. Is (-4191)/(-1) + (256/8)/z composite?
True
Let f(k) = 40*k**2 - 30*k - 11. Let b be 77 + -74 + 2*(0 + 1). Is f(b) prime?
True
Let w(c) = -3*c**2 + 24*c + 21. Let l(b) = b**2 - b + 1. Let a(v) = l(v) + w(v). Is a(11) a prime number?
False
Suppose -234*q + 229*q = -50. Suppose -q*z + 50363 + 358427 = 0. Is z prime?
True
Suppose 0 = -2*z + 3*o + 27, 7 = 3*z + 11*o + 44. Suppose -m - 3*t = 3*m - 130, -3*t = 6. Is (-5 + m/z)/((-2)/(-777)) prime?
False
Let m(j) = 249*j + 1747. Let a be m(-7). Suppose -2*i = -1896 - 52. Suppose a*s = -5*p + 1960, s + s = -p + i. Is s a composite number?
True
Let p = -1140911 - -3502684. Is p composite?
False
Suppose -4*c + c - 62 = 2*k, 4*k - 4*c + 84 = 0. Is (k/10)/((-2)/508) a composite number?
True
Let p(m) = -9*m - 6. Let s(u) = u**3 - 8*u**2 + 5*u + 9. Let i be s(7). Let a be p(i). Is ((-211666)/a)/((-4)/6) composite?
True
Let p be ((-180)/48)/(3/(-32)). Suppose p = 9*m + m. Suppose -3*x + 1547 = m*t + t, 0 = -x + 2*t + 501. Is x a composite number?
False
Let l be 96/(-21) - 24/(-42). Let g be l + 1146/(6/(-2)). Let n = g - -544. Is n a prime number?
False
Let c = -273 - -269. Let u(o) be the first derivative of -355*o**2/2 - 35*o - 7. Is u(c) a prime number?
False
Let h = -30 + 29. Let u be -13 - 14 - 1/h. Is (163/2)/((-13)/u) composite?
False
Let d(i) be the third derivative of -i**6/120 + 29*i**5/60 - 7*i**4/6 + 7*i**3/6 + i**2 + 20. Is d(19) a composite number?
True
Suppose -22925 = 2*b - 6183. Let l = -52 - -30. Is b/l + 3/(-2) composite?
False
Let k = 2831333 + -1273720. Is k prime?
True
Let w(m) = -23*m + 123. Let s be w(5). Suppose -s*q + 8513 = 1945. Is q prime?
True
Let u(v) = -7*v - 1. Let s be u(1). Let z(d) = -13*d**2 - 49. Let o(h) = 7*h**2 + 25. Let m(g) = -11*o(g) - 6*z(g). Is m(s) a composite number?
False
Let j = -208 - -137. Let y = -69 - j. Suppose -3*n + 2*t + 1953 = -y*t, -4*n + 2582 = 2*t. Is n prime?
True
Suppose 6*x + 12 = 3*x, -4*x = -3*y + 40. Let d(g) be the first derivative of 2*g**3 + g**2 - 9*g + 2. Is d(y) a composite number?
True
Let r(i) = 31400*i**3 - 3*i**2 + 8*i - 6. Is r(1) a prime number?
False
Suppose -2 + 31 = s. Suppose -7 = -x + 5*l + 4, -x - 5*l - s = 0. Is -7*1113/x + 4/(-6) a composite number?
True
Let v(y) = 885*y**2 + 35*y - 117. Is v(-15) a composite number?
True
Suppose -w - 207 + 523 = -4*y, 4*w = y + 64. Let o be 36195/(-171) + 4/6. Let r = y - o. Is r composite?
False
Suppose 7750 = -11*s + 15*s - 3*c, 2*s - 5*c = 3868. Suppose -5*j + 15 = 0, -18*m + j = -16*m - s. Is m prime?
True
Let r(i) = -i + 7. Let s be r(5). Suppose 163*k - 176*k = 0. Suppose -5*h + 0*m - 2*m = -5985, k = -4*h - s*m + 4786. Is h composite?
True
Suppose i - 38 = 2*w - 10, 3*i = w + 84. Let j(s) = 3*s**3 - 37*s**2 - 45*s + 159. Is j(i) a prime number?
True
Suppose -807*j = -805*j + 5*n - 306454, 4*j - 3*n - 612908 = 0. Is j a composite number?
True
Suppose -24496 = -4*w + 2*d, -5046 - 1075 = -w + 2*d. Suppose -8*g + 5067 = -w. Is g a prime number?
True
Let m(x) be the third derivative of x**5/30 - 5*x**4/8 - 2*x**3/3 + 20*x**2. Is m(-7) prime?
True
Let z = -22360 - -240183. Is z prime?
True
Let x be (-5 + (-17)/(-3))/(-1)*3. Is (-8)/x + -3 + 6637 a composite number?
True
Let k = 14181 + 318010. Is k a composite number?
False
Let k = 864 + -370. Let v be (-5)/3*(-8 - -5). Suppose -l + 5*h + 479 = 3*h, -l = -v*h - k. Is l a composite number?
True
Let g(a) = 4*a**3 + 19*a**2 + 12*a - 17. Let y(w) = w**3 + w**2 - 1. Let p be 28/98 - 46/14. Let m(q) = p*y(q) + g(q). Is m(-13) a prime number?
True
Let w(y) = -3*y - 20. Let j be w(-6). Let b be (-4)/16 - j/8. Suppose n + 4*k - 391 = b, 0 = 4*n + n - 5*k - 2030. Is n prime?
False
Let r = 2877820 - 1975965. Is r a prime number?
False
Is 3342*26 - (-22 + 44 + -11) composite?
True
Let z(r) = -r**3 + 24*r**2 - 29*r - 5. Let w(u) = -u**3 + 8*u**2 - 11*u - 1. Let c be w(5). Is z(c) a prime number?
True
Suppose 0 = c + 16*c - 238. Suppose c*d - d - 9919 = 0. Is d a prime number?
False
Suppose 2*p = 3*p - 5. Let a be (0 + 3 - (-3 + -217))*p. Suppose -5*d + a = 5*b, -d + 5*b + 50 + 161 = 0. Is d prime?
False
Suppose 0 = r - 1990 + 187. Suppose 3039 + r = 3*i. Suppose i = 2*t + 28. Is t composite?
True
Let d be (-4)/7 + 418/(-77). Let y be (-2607)/d - -3*1/6. Suppose -z + y - 28 = 0. Is z a prime number?
False
Let b = 1929 - 814. Suppose l + 3*s - b = 0, -2*l + s + 2112 = -118. Is l composite?
True
Suppose 0 = -7*d - 298 - 3552. Let a = d - -1176. Suppose 629 = 5*k - a. Is k a composite number?
False
Let r = 1245 - 234. Suppose 22*m - 36309 = 3*m. Suppose 0 = 6*z - r - m. Is z composite?
False
Suppose 26628 = 2*m - 2*o, 0*m = 5*m + o - 66540. Is m prime?
True
Let s = 37 - 29. Let a be (0 - 2/s) + 24220/(-16). Is (5/(-10))/(-1 + a/(-1516)) a composite number?
False
Let t(f) = 6751*f - 187. Let x(u) = 3375*u - 96. Let l(h) = 2*t(h) - 5*x(h). Is l(-7) a prime number?
False
Suppose 0 = -5*v - 15, -h + 1727 + 24360 = 4*v. Is h a prime number?
True
Let x = 61029 - 92335. Is 22/132 - (x/12 + 0) a prime number?
True
Suppose -k - 2 = -2*y - 13, 33 = 3*k - 2*y. Suppose -k*m = -10*m + 348. Let o = 637 + m. Is o a prime number?
False
Let b(w) = -w**3 - 11*w**2 - 6*w + 58. Let h(u) = 2*u**3 + 16*u**2 + 9*u - 87. Let i(d) = -7*b(d) - 5*h(d). Is i(-6) a prime number?
True
Is (5/(105/(-14)))/((-30)/18463635) composite?
True
Let u(r) = 518*r**2 - 3*r - 1. Let d be u(3). Suppose -5*w + d = 947. Is 4 - (-4)/(4/w) a composite number?
True
Let a(r) = 16*r**2 - 275*r + 9436. Is a(41) a prime number?
True
Let o(p) be the first derivative of 2473*p**2 - 37*p + 51. Is o(1) prime?
True
Let v = 26848 + -15678. Suppose -v = -4*t - 6*t. Is t composite?
False
Is (10/8)/((-1)/4) + (45963 - 1209) a prime number?
False
Suppose 432*x - 290131019 + 94973723 = 0. Is x prime?
True
Is (-107401 - (-2 - -14))/(-1) composite?
True
Let k = -493921 - -712154. Is k prime?
True
Let r(d) = 4733*d**2 + 9*d + 64. Let l be r(-5). Suppose 78*a - l = 66*a. Is a a prime number?
False
Let m(z) = 12 + z**2 - 5 + 0*z**2 - 5*z**2 - 19*z - 3*z**3. Is m(-8) a prime number?
True
Suppose -5*p = 0, 3*p = -2*r + 2*p + 5002. Let j = r + -1564. Is j a prime number?
True
Suppose 4*b - 38734 = 3*o, 2*b - 5*o - 19219 - 155 = 0. Suppose -k + 3148 = 3*n - 6540, 3*n - 5*k = b. Is n composite?
False
Let d(m) = 1063*m - 194. Let f be d(-9). Let o = f + 33514. Is o prime?
True
Suppose 11*m - 2276340 - 163170 = 1732405. Is m prime?
False
Suppose -8*i = 9*i - 70969 - 1219